9*z**2 + 11*z + 8. Let t(n) = 4*j(n) + 11*o(n). Calculate the remainder when t(-1) is divided by 7.
5
Suppose 4*c - 205 = 27. Let a = 12 + 8. Calculate the remainder when c is divided by a.
18
Let v be ((-3)/((-6)/(-8)))/2. Calculate the remainder when (-58)/4*v + -3 is divided by 9.
8
Let z(x) = -x**3 + x**2 - x. Let h(d) = -27*d**3 + 3*d**2 - 2*d - 1. Let u(y) = -h(y) + 3*z(y). What is the remainder when u(1) is divided by 13?
11
Suppose -3*f + 5*y = y - 84, 4*f = -5*y + 112. Suppose -2*t - 5*n + 93 = f, -31 = -t - n. Let l = t + -11. Calculate the remainder when 36 is divided by l.
17
Let i = 14 + -10. Calculate the remainder when 7 is divided by i.
3
Let y(j) = j**3 - 2*j**2 + 8*j - 7. Let m(s) = -s**2. Let b(k) = 4*m(k) + y(k). Suppose 5 = 2*t - t. What is the remainder when b(t) is divided by 3?
2
Let c be ((-10)/6)/(2/(-12)). Suppose -3*t = -4*x + 24, 2*x - 5*t = 2 + c. Suppose 0 = -2*o + x*o - 124. What is the remainder when o is divided by 11?
9
Let u(o) = 17*o - 52. What is the remainder when u(10) is divided by 40?
38
Let g = 17 + 4. Calculate the remainder when 39 is divided by g.
18
Suppose -4*y - 9*y + 104 = 0. Calculate the remainder when 166 is divided by y.
6
Suppose 3*i + i - 340 = 0. What is the remainder when ((-8)/10)/((-2)/i) is divided by 18?
16
Let b = -120 - -172. Suppose -2*m = -4*d + 170, 4*d + 4*m + 3 = 155. Let p = d - 23. Calculate the remainder when b is divided by p.
16
Let v be (-158)/(-8) + (-5)/(-20). What is the remainder when 925/v - 2/8 is divided by 16?
14
Let b(m) = 4*m - 1. Let o(x) = x + 4. Let w be o(-3). What is the remainder when 6*(-2 + (-10)/(-3)) is divided by b(w)?
2
Let b(r) = 2*r**2 - 26*r - 14. Let h = 72 + -46. What is the remainder when h is divided by b(14)?
12
Let i(c) = -c**2 - c + 8. Let p be i(0). Suppose -p*v + 3*v = -50. What is the remainder when 19 is divided by v?
9
What is the remainder when 35 is divided by (-8)/(-6) + (-250)/(-15)?
17
Suppose 4*q + h - 4 = 2*h, 0 = 5*q - 4*h + 6. Suppose -2*v + i + 34 = 0, q*i + 10 = 2. What is the remainder when 57 is divided by v?
12
Let n(d) = 14*d**2 + 3*d + 7. What is the remainder when n(-2) is divided by 20?
17
Let x(n) = -6*n - 42. Calculate the remainder when 18 is divided by x(-9).
6
Let f be ((-6)/4)/(-3)*4. Suppose 3*i = -r - f*i + 5, -5*r - 4*i + 25 = 0. What is the remainder when 9 is divided by (r - 2/2) + 1?
4
Let o be -6 + 2 - -2 - -7. Suppose 45 = o*n - 5. What is the remainder when 19 is divided by n?
9
Let w(n) = 2*n**2 + n - 3. Let o = 0 - 0. Suppose 8*l - 3*l - 110 = o. What is the remainder when w(-5) is divided by l?
20
Suppose b = -5*w + 32, w = -4*b + 5*b - 20. Calculate the remainder when b is divided by 6.
4
Suppose n = 5*n + 3*r - 143, -n + 22 = -2*r. Calculate the remainder when 63 is divided by n.
31
Let a(m) = 47*m - 5. Calculate the remainder when a(1) is divided by 8.
2
Suppose -3*u + 6*u = 63. Suppose -5*l + 36 = -2*l. Calculate the remainder when u is divided by l.
9
Let t be (0 - -91) + 1 + 0. Suppose 3*f - t = -f. Calculate the remainder when 68 is divided by f.
22
Suppose 4*s + 0 - 74 = 2*x, 21 = s + 2*x. Let a = -7 + s. Calculate the remainder when 179/4 + (-1)/(-4) is divided by a.
9
Suppose 2*q = -3*q + 45. Let t = 15 + 9. What is the remainder when t is divided by q?
6
Let o = -27 - -45. Calculate the remainder when o is divided by (-1 + -2)*20/(-6).
8
Let l(x) = -x**2 + 16. Calculate the remainder when 41 is divided by l(0).
9
Suppose -4*j - 3*v - 43 = 0, 3*j + 4*v + 34 = -0. Let l = j - -28. Suppose -54 = -3*h - l. Calculate the remainder when 47 is divided by h.
11
Let u = -859 + 870. Let l(f) = 11*f - 2. Let x be l(-2). Let r = x - -44. Calculate the remainder when r is divided by u.
9
Suppose l - 78 = -5*y - 2*l, -2*y - 3*l + 33 = 0. What is the remainder when 42 is divided by y?
12
Let v(h) = -12*h + 3. What is the remainder when 106 is divided by v(-2)?
25
Suppose -10*h + 4*h + 162 = 0. Calculate the remainder when h is divided by 16.
11
Let d(q) = -q**3 + 12*q**2 - 17*q - 9. What is the remainder when 144 is divided by d(10)?
18
Calculate the remainder when (1900/(-150))/(1/((-18)/4)) is divided by 30.
27
Let b = 66 - 64. Let h(p) = p**2 + 4*p - 2. Let i be 8/(-2) - 0 - 1. Calculate the remainder when h(i) is divided by b.
1
Calculate the remainder when 33 + -32 + -1*1*-109 is divided by 38.
34
Let t = -1 - -232. What is the remainder when t is divided by 18?
15
Let k be 3/((-1 - 0)*1). What is the remainder when 34/(k - -3 - -2) is divided by 5?
2
Let f = 29 - 28. Calculate the remainder when 75 is divided by f*(4 - (-17 - -2)).
18
Let r = -1 - -3. Suppose 0 = -r*p - 3*p + 15. Calculate the remainder when -1 - p*(-1)/1 is divided by 1.
0
Suppose 0 = 2*f - 0*f + 18. Let r = f + 24. Let y(j) = 8*j - 5. Calculate the remainder when y(6) is divided by r.
13
Suppose 3*n = 5*c + 181, -4*c - 120 = -3*n + n. What is the remainder when n is divided by 17?
11
Suppose -5*r - 54 = -2*r. Let g = 28 + r. What is the remainder when 5 is divided by (-8)/g*15/(-6)?
1
Suppose -3*w + 80 = 5*w. Let h be 951/21 + 2/(-7). Suppose -4*l = -71 - h. What is the remainder when l is divided by w?
9
Suppose 0 = -3*j + 8*j - 70. Let a be (-2)/(-8) - (-2233)/28. Suppose f - a = -f. What is the remainder when f is divided by j?
12
Let g(v) = -v**2 - 5*v + 7. Let i be g(5). Let z = -24 - i. Calculate the remainder when z is divided by 10.
9
Let z(i) = 0*i**2 - 4*i**2 - 6*i - 4 + 5*i**2. Calculate the remainder when 7 is divided by z(7).
1
Let q be 3 + 10/2 - 3. Suppose 42 = s - 5*b, 5*s - 150 = q*b - 0*b. Calculate the remainder when s is divided by 7.
6
Suppose -5*m = -5*t, -t = 5*m - 5*t. Suppose l = -m*l. Suppose l = -5*i + 37 + 88. What is the remainder when i is divided by 13?
12
Let i(r) = r**2 - 10*r + 12. What is the remainder when 16 is divided by i(10)?
4
Let m(f) = f**2 + 6*f + 7. Calculate the remainder when m(-5) is divided by 2.
0
Let u = 17 - 19. Calculate the remainder when 4/(-6)*3 + 38 is divided by (-1)/(u/(37 - -1)).
17
Let m be -3 - -4 - 10/2. Suppose 2*y - 4*p - 4 = 36, 4*y - 80 = -3*p. Calculate the remainder when (-812)/(-21) + m/6 is divided by y.
18
Suppose -u + 0*u + 1 = 0. Suppose 3 + 11 = 2*m. What is the remainder when m is divided by (-3)/1*(-1)/u?
1
Let h(d) = 6*d - 21. Suppose -4*g + 20 = 0, 0*g + 31 = 2*k + 5*g. Suppose -11 = -k*f + b - 0*b, -4*b + 4 = 0. What is the remainder when f is divided by h(4)?
1
Let v be (6/(-2))/((-3)/2). Let n = v - -2. What is the remainder when (-46)/(-8) - 3/(-12) is divided by n?
2
Let p(t) = t**3 - 3*t**2 + t - 4. Calculate the remainder when 31 is divided by p(4).
15
Let z(d) = d**3 - 2*d - 4. Let g(u) = -u**2 + u + 3. Let c be g(0). Calculate the remainder when 31 is divided by z(c).
14
Let k(z) = 3*z**2 + 4*z - 1. What is the remainder when 60 is divided by k(-4)?
29
Suppose -4*x = -3*s + 25, s + 9 = -0*s - 3*x. Suppose -z + s*z = 52. What is the remainder when z is divided by 7?
5
Suppose w = 25 + 1. Calculate the remainder when 49 is divided by w.
23
Let i(f) = 5*f + 1. Let r(t) be the second derivative of t**5/20 - t**3/6 + t**2 - t. Let s be r(0). What is the remainder when 31 is divided by i(s)?
9
Let f = -2 + 2. Suppose c - 4 + 1 = f. Calculate the remainder when 5 is divided by c.
2
Let z be -8 + (4 - (0 - -2)). Suppose 3*x = 2*f + 23, -2*f + 8*x - 33 = 3*x. Let w = f - z. Calculate the remainder when 5 is divided by w.
1
Let t = -5 + 4. What is the remainder when t/3 - 44/(-6) is divided by 5?
2
Suppose 8 = -5*w - 2. Let r = -32 + w. Let x = 81 + r. What is the remainder when x is divided by 16?
15
Let t = 5 - -3. Calculate the remainder when 23 is divided by t.
7
Suppose -2*y = -f - 91, -4*f + 2*f + 186 = 4*y. Calculate the remainder when y is divided by 12.
10
Suppose 2*m - 12 = 4*w - 2*m, 16 = 4*w + 3*m. Calculate the remainder when 2 is divided by w.
0
Suppose -5*h - 4*z = -160, -z - 41 = h - 2*h. Calculate the remainder when 70 is divided by h.
34
Suppose -7 = -5*v + 48. Let c = v - 6. What is the remainder when 13 is divided by c?
3
Let v(x) be the first derivative of 2*x**2 + x - 1. Let u be v(-1). Let c = u - -5. What is the remainder when 2 is divided by c?
0
Suppose -a + 3 = -6. Suppose a = b + 4*w, -b - 2*w = 3*b - 36. Calculate the